{"id":166,"date":"2020-08-03T12:04:51","date_gmt":"2020-08-03T10:04:51","guid":{"rendered":"http:\/\/lunazen.fr\/?page_id=166"},"modified":"2022-07-06T11:08:42","modified_gmt":"2022-07-06T09:08:42","slug":"responsable-referent-technique","status":"publish","type":"page","link":"https:\/\/lunazen.fr\/?page_id=166","title":{"rendered":"R\u00e9f\u00e9rent Sant\u00e9 et Accueil Inclusif"},"content":{"rendered":"\n<p>Odile (Infirmi\u00e8re-pu\u00e9ricultrice) assure la fonction de R\u00e9f\u00e9rent Sant\u00e9 et Accueil Inclusif au sein de notre micro cr\u00e8che.<\/p>\n\n\n\n<p>Elle Informe, sensibilise et conseille la direction et l&rsquo;\u00e9quipe de l&rsquo;\u00e9tablissement en mati\u00e8re de sant\u00e9 du jeune enfant et d&rsquo;accueil inclusif des enfants en situation de handicap ou atteints de maladie chronique.<\/p>\n\n\n\n<p>Son r\u00f4le porte \u00e9galement sur l\u2019\u00e9tablissement de protocoles de sant\u00e9 ainsi que leurs applications permettant une d\u00e9l\u00e9gation d\u2019administration de m\u00e9dicaments et de soins par l\u2019\u00e9quipe de la cr\u00e8che.<\/p>\n\n\n\n<p>Elle travaille en collaboration avec les professionnels du service d\u00e9partemental de la PMI et autres acteurs locaux en mati\u00e8re de sant\u00e9, de pr\u00e9vention et de handicap. Elle peut, avec l&rsquo;accord des titulaires de l&rsquo;autorit\u00e9 parentale ou repr\u00e9sentants l\u00e9gaux de l&rsquo;enfant, consulter le m\u00e9decin traitant de celui-ci.<\/p>\n","protected":false},"excerpt":{"rendered":"<p>Odile (Infirmi\u00e8re-pu\u00e9ricultrice) assure la fonction de R\u00e9f\u00e9rent Sant\u00e9 et Accueil Inclusif au sein de notre micro cr\u00e8che. Elle Informe, sensibilise et conseille la direction et [&hellip;]<\/p>\n","protected":false},"author":1,"featured_media":0,"parent":0,"menu_order":0,"comment_status":"closed","ping_status":"closed","template":"","meta":[],"_links":{"self":[{"href":"https:\/\/lunazen.fr\/index.php?rest_route=\/wp\/v2\/pages\/166"}],"collection":[{"href":"https:\/\/lunazen.fr\/index.php?rest_route=\/wp\/v2\/pages"}],"about":[{"href":"https:\/\/lunazen.fr\/index.php?rest_route=\/wp\/v2\/types\/page"}],"author":[{"embeddable":true,"href":"https:\/\/lunazen.fr\/index.php?rest_route=\/wp\/v2\/users\/1"}],"replies":[{"embeddable":true,"href":"https:\/\/lunazen.fr\/index.php?rest_route=%2Fwp%2Fv2%2Fcomments&post=166"}],"version-history":[{"count":9,"href":"https:\/\/lunazen.fr\/index.php?rest_route=\/wp\/v2\/pages\/166\/revisions"}],"predecessor-version":[{"id":449,"href":"https:\/\/lunazen.fr\/index.php?rest_route=\/wp\/v2\/pages\/166\/revisions\/449"}],"wp:attachment":[{"href":"https:\/\/lunazen.fr\/index.php?rest_route=%2Fwp%2Fv2%2Fmedia&parent=166"}],"curies":[{"name":"wp","href":"https:\/\/api.w.org\/{rel}","templated":true}]}}